 -z**2 + 1. Let c be v(1). Suppose c = -2*o - 3 + 13. Calculate the greatest common divisor of o and 45.
5
Suppose -198 = -6*y + 3*y. Suppose 6*s - 30 = s. Let f = 0 + s. Calculate the highest common divisor of y and f.
6
Suppose 10*w = 7*w + 66. What is the greatest common divisor of 242 and w?
22
Let z = 1 - -5. Let i = -33 + 35. What is the highest common factor of i and z?
2
Let z = 20 - 16. Suppose d - 13 = -v, -z*v = -d + 6*d - 67. Calculate the highest common factor of 75 and d.
15
Let z be (-81)/(-18) + 3/2. Suppose -2 - z = -q. Calculate the highest common divisor of q and 12.
4
Let a = -10 - -23. Let n(d) = -4*d + 4. Let j be n(-12). What is the highest common factor of j and a?
13
Suppose -14*b = -9*b - 45. Calculate the highest common divisor of b and 45.
9
Suppose -5*p = -p - 36. What is the greatest common divisor of 36 and p?
9
Let q be 10 - 12 - 708/(-2). Suppose 0 = -5*o + 37 + 123. What is the highest common divisor of q and o?
32
Let g(o) = -o + 3. Let m be g(10). Let l be (-39)/(-91) - 249/m. Calculate the highest common factor of l and 18.
18
Let n(q) = -9*q - 3. Let c(b) = 17*b + 5. Let f(r) = 2*c(r) + 5*n(r). Let a be f(-7). Calculate the highest common factor of a and 8.
8
Let f = 368 - 138. What is the greatest common divisor of f and 23?
23
Let s(m) = 3*m**2 + 11*m + 9. Let g be s(-4). What is the highest common divisor of g and 13?
13
Let k = 3 + -3. Suppose 0 = -k*s + 4*s - 288. What is the greatest common factor of 24 and s?
24
Let f(a) = 60*a + 4. Let n be f(1). Calculate the greatest common divisor of n and 160.
32
Let k be ((-64)/2 + -3)/(-1). Let i = -19 + k. Suppose -5*f - o - 8 + 27 = 0, -5*o = -5*f + 25. What is the highest common divisor of f and i?
4
Let d = -6 - -12. Suppose -15*a + 10*a + 330 = 0. What is the greatest common divisor of d and a?
6
Suppose -10*j = -5*j - 60. Let r = 11 + -5. Calculate the greatest common divisor of j and r.
6
Let x = 53 + -20. Suppose 5*h - x = 2*h. Calculate the highest common factor of h and 99.
11
Let n(o) = -3*o - 1. Let j(l) = -4*l - 2. Let z(q) = 5*j(q) - 6*n(q). Let x be z(-3). Suppose -x*v - 10 = -54. Calculate the highest common divisor of v and 22.
22
Let k(o) = -2*o - 22. Let w be k(-14). Calculate the greatest common divisor of w and 54.
6
Suppose 76 = -3*d + 5*g + 207, 0 = 3*d + g - 125. Suppose -5*m + 63 = -d. Calculate the greatest common divisor of m and 14.
7
Suppose o + x - 3 = -0*x, 2*o - 5*x = 6. Let n be (7/o)/((-1)/(-3)). What is the greatest common divisor of n and 35?
7
Let j(l) = -l + 3. Let o be j(3). Let d(r) = -r**3 - r**2 + r - 114. Let z be d(o). Let w = 164 + z. What is the greatest common divisor of 20 and w?
10
Let g(l) = l - 1. Let p(k) = 13*k + 10. Let h(f) = -6*g(f) - p(f). Let i be h(-7). Let o = 205 - i. Calculate the greatest common divisor of 19 and o.
19
Let i(p) = -3 - 2*p**3 + 6 + p**3 + 4*p**2 - 4*p. Let q be i(2). Suppose -q*h = h - 112. Calculate the greatest common factor of 7 and h.
7
Let j = -11 - 48. Let w = j - -166. Let t = w + -71. What is the greatest common divisor of t and 6?
6
Let a = 60 - 18. Let g be (-198)/(-11) - (1 + 3). What is the greatest common factor of g and a?
14
Let p be ((-28)/(-6))/((-6)/(-171)). Let u = p - 77. Suppose -2*d + 5*j = -6*d + 92, u = 4*d - 4*j. What is the greatest common factor of d and 9?
9
Suppose -2*x + 78 = -4*k + 14, 3*k - x + 47 = 0. Let f be 4/(-30) + (-302)/k. Calculate the greatest common divisor of f and 8.
4
Suppose 9*h - 5*h = 912. Calculate the highest common factor of h and 57.
57
Suppose -7 + 3 = -2*y. Let b be (-16)/(-2) - -1*1. Let g = b - 4. Calculate the greatest common divisor of g and y.
1
Let h(y) = -y**2 - 10*y - 7. Let g be h(-9). Suppose 0 = -5*x + 4*c + 30, -3*x + 0*c = g*c - 40. Calculate the highest common factor of 70 and x.
10
Let u be 3/2 - (-142)/4. Let x = u - 18. What is the highest common factor of x and 76?
19
Let u = 73 + -43. Suppose 3*d = -2*d - u. Let o(c) = -8*c - 8. Let n be o(d). Calculate the greatest common factor of 16 and n.
8
Let d = 286 + -196. Let a = 8 - -2. What is the highest common divisor of a and d?
10
Let o(s) = s**3 + 5*s**2 + 2*s - 2. Let p be o(-4). Suppose 1 - p = u. Let g be 10/6 + u/(-15). What is the greatest common divisor of g and 2?
2
Suppose -5*y + 10 = 0, b = y - 0*y + 7. Calculate the highest common factor of 1 and b.
1
Suppose -887 = -8*z - 159. What is the highest common divisor of z and 7?
7
Let n = 142 + -77. What is the greatest common factor of 26 and n?
13
Suppose 3*a = 5*q + 45 - 167, -53 = -2*q - 3*a. Let s(w) = -3*w**3 - 5*w**2 + 6*w + 5. Let d be s(-5). Calculate the greatest common factor of q and d.
25
Let u be 2/7 + (-38)/(-14). Suppose -c = 2 - 11. Let n be 202/6 + (-6)/c. What is the highest common divisor of u and n?
3
Suppose -5*z + 2*z = -87. Calculate the highest common factor of z and 319.
29
Suppose -131 = -5*l + 3*x, 5*x - 43 = -0*l - l. What is the highest common divisor of l and 12?
4
Let o = 5 + -1. Suppose -b = -1 - o. What is the highest common divisor of 5 and b?
5
Let u(i) = 4*i + 37. Let m be u(-9). Calculate the greatest common divisor of 3 and m.
1
Suppose -2*r = 3*r - 20. Suppose 5*u - 4*y = 38, r*y = -2*u - 0*u + 4. Calculate the greatest common divisor of 2 and u.
2
Suppose -69 = -4*i + 4*s + 35, -4*s = -2*i + 58. Calculate the greatest common divisor of 92 and i.
23
Suppose -4*t + 0 = 2*d - 12, -5*t + 3*d = -15. Suppose t*o - 15 + 6 = 0. Calculate the greatest common divisor of o and 1.
1
Suppose 0*t = 8*t - 840. Calculate the greatest common factor of 21 and t.
21
Suppose -5*s + 8 = -3*x, -2*x = 3*s - 9 - 11. Suppose -4*j + 7*j - 12 = h, j - 17 = -x*h. Let g be 2/h*6/4. What is the highest common divisor of 1 and g?
1
Let n(g) be the first derivative of -g**4/4 - g**2/2 + 44*g + 1. Let l be n(0). Suppose -5*j + 27 = -28. What is the greatest common factor of j and l?
11
Suppose -2*q + 8 + 2 = 0. Suppose -q*i = -46 - 239. What is the greatest common factor of 19 and i?
19
Let y = -2 - -5. Suppose 0 = -f - 0*w + 3*w + 2, y*w - 2 = -f. Suppose -2*b + 26 = -4*s + 2*s, -26 = -f*b + s. Calculate the greatest common factor of b and 26.
13
Let n be 1*5/(-5) + 291. What is the highest common factor of n and 29?
29
Suppose 0*v = -3*v + 12. Let h = 106 + -96. Calculate the greatest common factor of v and h.
2
Suppose 40 = -2*h - 0*h. Let j = -12 - h. Calculate the highest common divisor of j and 8.
8
Suppose 65 - 2 = 9*k. Calculate the greatest common factor of 35 and k.
7
Let f = -40 + 91. Suppose -3*b + 3*z = -f, 4 = -0*z - 4*z. What is the greatest common factor of b and 48?
16
Suppose 3*j = 6*j - 48. Calculate the greatest common factor of j and 16.
16
Suppose 7 + 5 = q. Calculate the highest common factor of 96 and q.
12
Let o be (-7)/(-14) - 102/(-4). Let q be o/6 + (-2)/6. Suppose -124 = -7*z + 128. What is the highest common divisor of z and q?
4
Let s(w) = w. Let h be s(2). Let r = 18 - 15. Suppose 2 + 4 = r*y. Calculate the highest common divisor of h and y.
2
Suppose -2*t - 5*x + 14 = 0, t = -3*x - 3 + 9. Calculate the greatest common factor of t and 20.
4
Suppose -4*z = 3*c + 33 + 4, -3*z - 27 = 2*c. Let o be (z + 1)*10/(-4). Calculate the greatest common factor of o and 3.
3
Let z be (-1)/(-1)*(9 + -7). Let r(s) = 3*s**2 - 5*s**2 + 4*s**2 - z + 6*s. Let y be r(4). Calculate the greatest common divisor of 6 and y.
6
Let l = 183 - 79. Let m(d) = -d**3 + 4*d**2 + 12*d + 13. Let w be m(6). What is the greatest common factor of w and l?
13
Suppose 0 = -6*c + 2*c + 144. Let p be 1936/c - (-2)/9. What is the highest common factor of p and 36?
18
Let r be -4 - -2 - (-21 - 3). Let b(d) = -3*d + 4. Let i be b(5). Let a = r + i. What is the greatest common divisor of a and 77?
11
Let n(f) = f**3 - 7*f**2 + f + 6. Let x = -13 - -20. Let k be n(x). Suppose -y + k = -7. What is the highest common factor of y and 50?
10
Let l(d) = d - 4. Let n be l(6). Suppose -p = -5*c - 24, -n*p + 4*c = p - 72. Calculate the greatest common divisor of p and 4.
4
Let h(j) = -j**3 - 2*j**2. Let t be h(-2). Suppose k + 11 = a - t, -3*k = a - 27. What is the highest common factor of 5 and a?
5
Let q = 27 + -9. Let i = -5 + q. Suppose -2*b = -7*b + 455. Calculate the greatest common factor of i and b.
13
Supp